r when 448 is divided by c?
28
Let d(k) = 4*k + 19. Let q(j) be the first derivative of j**2/2 + 16*j + 6. Let m be q(-6). What is the remainder when d(m) is divided by 16?
11
Suppose 0 = -3*u + 774 - 240. Calculate the remainder when u is divided by 2/(-5)*(-8 + (-2)/8*68).
8
Suppose -1 = 3*h - 76. Let s be 6/(-18) - (-4 - (-5)/3). Suppose 0 = s*n - 3*b + 7, 2*b - h = -3*b. What is the remainder when 15 is divided by n?
3
Let h = -44 + 331. What is the remainder when h is divided by (-16)/(-9 + 52/6)?
47
Suppose -82 = -5*d + 33. Let q(n) = 28*n**2 + 55*n + 208. Calculate the remainder when q(-4) is divided by d.
22
Let z = -403 + -366. Let c = z + 828. What is the remainder when 113 is divided by c?
54
Let p = 184 - 332. Let v = p + 84. Let o = v - -85. Calculate the remainder when 80 is divided by o.
17
Calculate the remainder when 417 is divided by (-35)/(-2)*2*35/175*2.
11
Suppose -y - 475 = -5*q, 0 = -28*q + 26*q - 4*y + 190. Calculate the remainder when q is divided by 72.
23
Suppose 6 = -v - h, 0 + 8 = 2*v - 3*h. Let b(w) = -9*w - 15. Let q be b(v). Suppose 5*u = q*u + 64. Calculate the remainder when 188 is divided by u.
28
Suppose -4*s - 1 = -5, z = 4*s - 2. Suppose 0 = -5*y + 41 + 249. Calculate the remainder when y is divided by (-145)/(-7) + z/7.
16
Let p = 245 - -685. Suppose 365 = -5*g + p. What is the remainder when g is divided by 61?
52
Suppose -3*z + 785 = 4*w - 1162, 3*w - 2*z = 1439. Calculate the remainder when w is divided by 100.
83
Let i(z) = -1873*z + 423. Calculate the remainder when i(-1) is divided by 573.
4
Let b(n) = 238*n - 10611. What is the remainder when b(75) is divided by 1447?
4
Let a be (6 + -213)/(-2 + 1). Let o = a - 188. Calculate the remainder when (-1566)/(-30) - (-2)/(-10) is divided by o.
14
Let p = -20 + 32. Suppose 16*o = p*o - 80. Let v = 175 + o. What is the remainder when v is divided by 13?
12
Let h(g) = 197*g**3 - 2*g**2 + 2. Let k be h(-1). Let c = k + 239. Calculate the remainder when 205 is divided by c.
37
Let b(u) = u**2 - 25*u - 197. What is the remainder when 535 is divided by b(-7)?
22
Suppose 7*g - 551 = 795 - 121. Calculate the remainder when g is divided by 109.
66
Suppose 45 = 6*z - 3*z + 4*p, -2*p + 28 = 2*z. Suppose z*a - 7*a = 1060. What is the remainder when a is divided by 14?
13
Suppose 6*f - f = -45. Let m(g) = g**2 + 7*g + 6. Suppose 2*w = 23 - 5. What is the remainder when m(f) is divided by w?
6
Let p be (5/(-4)*-22)/((-29)/(-638)). Calculate the remainder when (-412)/(-309)*(p + 1) is divided by 29.
25
Let m(t) = -9*t + 1. Let o(h) = -17*h**2 + 5*h - 10. Let y(d) = d**2 + 2. Let g(n) = -o(n) - 3*y(n). What is the remainder when m(-4) is divided by g(1)?
11
Suppose 38*i - 49 = 103. Suppose i*q = 3*d + 49, -37 = -4*q + d + 22. What is the remainder when 157 is divided by q?
13
Calculate the remainder when 368 is divided by 116 + (-19 - -9) - 7.
71
Suppose -w = -7*w + 468. Suppose -2*m + 0*m = -w. Suppose -6*t + 2*t = 3*p - 89, 5*t - 110 = -5*p. What is the remainder when m is divided by t?
16
Let n(h) be the third derivative of h**5/12 - h**4/12 + h**3 - h**2 + 35. What is the remainder when n(4) is divided by 20?
18
Let p = -4058 - -4077. Suppose -v + 32 = -2*c + 6*c, -4*v - 5*c + 161 = 0. Calculate the remainder when v is divided by p.
6
Let f(w) = 8*w + 868. Calculate the remainder when f(-65) is divided by 70.
68
Suppose 3*r + 8 = 4*o, -30 = -o - 4*r - 47. What is the remainder when ((-234)/9)/(o/2 - 0) is divided by 20?
12
Suppose 3*d = 5*a - 100, -4*a - 6*d = -5*d - 63. Let r = 44 + -36. Let b = r + -6. What is the remainder when a is divided by b?
1
Let k = 4663 + -4321. Calculate the remainder when k is divided by 158.
26
Suppose -5*r - 3*q = -486, -r + q - 62 = -156. Calculate the remainder when r is divided by 32.
0
Suppose -9*f - 32 = -l - 1, 2*l - 32 = 3*f. What is the remainder when l is divided by 2?
1
Suppose -94*d + 5316 = -700. Let x(z) = -z**2 + 6*z - 1. Let w be x(5). Suppose -w*b + d = -0*b. What is the remainder when 60 is divided by b?
12
Let r = -12233 + 13041. What is the remainder when r is divided by 166?
144
Let g be 9/((-81)/927) - 4/(-1). Let a = g + 100. Calculate the remainder when 68 is divided by 23 - (-2 + a)*0/8.
22
Let b = 90 + -87. Let z(n) = -10 - n + 4*n - 2*n + b*n. Calculate the remainder when 42 is divided by z(8).
20
Let s(k) = 2*k**2 - 4. Suppose 2*g = -g - 9, 455 = 2*f - 15*g. Calculate the remainder when f is divided by s(3).
9
Suppose -375*j = 382*j - 293716. What is the remainder when 750 is divided by j?
362
Suppose 67 - 202 = 9*b. Let a = b + 135. Calculate the remainder when a is divided by 18.
12
Let r(z) = z**3 - 20*z**2 - 21*z + 68. Let o be r(21). Calculate the remainder when -3*((o/6)/(-1) - -2) is divided by 3*(5 - 0/2).
13
Calculate the remainder when 3557 is divided by (-1)/(-7)*(81/(-6) - -10)*-12.
5
Let d(z) = 9*z**3 - 8*z**2 - 9*z + 24. Calculate the remainder when d(4) is divided by 89.
80
Let r = 16845 - 16826. Calculate the remainder when 423 is divided by r.
5
Let p(a) = 9*a**2 + 59*a - 212. What is the remainder when p(11) is divided by 62?
38
Suppose 174 = -579*x + 584*x + 2*q, 93 = 3*x + 5*q. Calculate the remainder when 63 is divided by x.
27
Let n(x) = 119*x**2 + 463*x - 1411. Calculate the remainder when n(3) is divided by 124.
57
Let g(r) = -349*r - 5906. Let b(y) = y + 11. Calculate the remainder when g(-17) is divided by b(0).
5
Suppose 0 = -19*z + 12592 + 1715. Calculate the remainder when z is divided by 84.
81
Suppose -116*r - 109*r + 1845 = -216*r. What is the remainder when r is divided by 89?
27
Let q = -8583 + 9719. Calculate the remainder when q is divided by 41.
29
Suppose 0 = 3*j - 303 - 789. Let d = j - -59. What is the remainder when d is divided by 71?
68
Suppose -25*v + 131905 = 189*v - 155069. What is the remainder when v is divided by 196?
165
Suppose 673 = 8*l - 1383. Suppose -5*f + 14 = 9. Calculate the remainder when l is divided by (-129*f)/(18/(-6)).
42
Let d = 0 + 29. Let f(t) = -27*t - d*t + 3 + 52*t. What is the remainder when f(-6) is divided by 7?
6
Let f(v) = -15*v - 225. Let n be f(-15). Let p(i) = i**3 - 3*i**2 - 6*i + 37. What is the remainder when 128 is divided by p(n)?
17
Let j(s) = -s**3 - 22*s**2 + 54*s + 282. Calculate the remainder when j(-26) is divided by 527.
1
Let g(j) = 27*j**2 + 78*j - 947. Calculate the remainder when g(12) is divided by 161.
13
Suppose -h = -4*z - 3*h + 10, -3*h + 13 = 5*z. Suppose -3*t = -z*t - 43. Let k = 21900 - 21888. What is the remainder when t is divided by k?
7
Let c(d) = d**2 + d - 1. Let w(i) = i**3 - 11*i**2 - 45*i - 30. Let n(p) = -4*c(p) + w(p). Calculate the remainder when 383 is divided by n(18).
63
Suppose -3*j + 355 = 4*b - 60, 4*j = 3*b - 305. Calculate the remainder when 251 is divided by b.
45
Let h(n) = -3*n + 33. Let r be h(0). Let u = r + -35. Calculate the remainder when ((-5)/u + -1)/(6/304) is divided by 13.
11
Suppose -5*d + 131 = -19. Suppose w = -3, 4*l = -3*w + d - 107. Let c = -8 - l. Calculate the remainder when c is divided by 6.
3
Suppose 9*j - 200 = 5*j. Let h be ((-170)/(-15))/((-2)/(-3)). Suppose -147 + h = -5*m. Calculate the remainder when j is divided by m.
24
Suppose 1381 = -0*p + p - 3*h, -h = 4. Let g = -866 + p. What is the remainder when g is divided by 63?
62
Let o(r) = -125*r - 394. Suppose -7*f + f = -4446. What is the remainder when f is divided by o(-4)?
105
Calculate the remainder when -2*1/2 - -62 is divided by 22 + -12 + (-1)/1.
7
Let k = 91 + 1. Let l(b) = -4*b - 8. Let f be l(-3). Calculate the remainder when k is divided by 78/f - 3/6.
16
Let q(o) = 8*o - 12*o + 22*o + 3*o**2 - 3. Let p(k) = -k**2 - 9*k + 1. Let t(g) = 5*p(g) + 2*q(g). Calculate the remainder when 22 is divided by t(10).
4
Let u(k) = 66*k + 190. Let r be u(-3). What is the remainder when r + (-7 - -5) + 83 is divided by 43?
30
Suppose v + h + 20 = -79, -3*v + 4*h = 276. Let k = 150 + v. Calculate the remainder when 104 is divided by k.
50
Let d(c) = 47*c + 31. Let o be ((-3)/(-6))/(1/4). Calculate the remainder when d(o) is divided by 33.
26
Suppose 0 = -104*t + 65*t + 4797. What is the remainder when 187 is divided by t?
64
What is the remainder when -1 + (-731)/(-2) + (-12)/(-24) is divided by (242/33 + -7)*1